{"id":2930,"date":"2025-02-09T10:32:51","date_gmt":"2025-02-09T10:32:51","guid":{"rendered":"https:\/\/sklep.titinka.pl\/?post_type=product&#038;p=2930"},"modified":"2025-02-09T10:40:07","modified_gmt":"2025-02-09T10:40:07","slug":"bransoletka-z-siatki-jubilerskiej-podwojna-zlota","status":"publish","type":"product","link":"https:\/\/sklep.titinka.pl\/?product=bransoletka-z-siatki-jubilerskiej-podwojna-zlota","title":{"rendered":"Bransoletka z siatki jubilerskiej podw\u00f3jna z\u0142ota"},"content":{"rendered":"","protected":false},"excerpt":{"rendered":"<p>Bransoletka jest wykonana z siatki jubilerskiej w kolorze z\u0142otym wype\u0142niona male\u0144kimi z\u0142otymi koralikami<\/p>\n<p>Bransoletka ma bardzo wygodne zapi\u0119cie magnetyczne w kolorze\u00a0srebrnym<\/p>\n<p>D\u0142ugo\u015b\u0107: 36 cm &#8211; bransoletka idealnie nadaje si\u0119 do podw\u00f3jnego owini\u0119cia jej wok\u00f3\u0142 nadgarstka.<\/p>\n","protected":false},"featured_media":156,"template":"","meta":[],"product_cat":[7,16],"product_tag":[43,53,57,54],"_links":{"self":[{"href":"https:\/\/sklep.titinka.pl\/index.php?rest_route=\/wp\/v2\/product\/2930"}],"collection":[{"href":"https:\/\/sklep.titinka.pl\/index.php?rest_route=\/wp\/v2\/product"}],"about":[{"href":"https:\/\/sklep.titinka.pl\/index.php?rest_route=\/wp\/v2\/types\/product"}],"wp:featuredmedia":[{"embeddable":true,"href":"https:\/\/sklep.titinka.pl\/index.php?rest_route=\/wp\/v2\/media\/156"}],"wp:attachment":[{"href":"https:\/\/sklep.titinka.pl\/index.php?rest_route=%2Fwp%2Fv2%2Fmedia&parent=2930"}],"wp:term":[{"taxonomy":"product_cat","embeddable":true,"href":"https:\/\/sklep.titinka.pl\/index.php?rest_route=%2Fwp%2Fv2%2Fproduct_cat&post=2930"},{"taxonomy":"product_tag","embeddable":true,"href":"https:\/\/sklep.titinka.pl\/index.php?rest_route=%2Fwp%2Fv2%2Fproduct_tag&post=2930"}],"curies":[{"name":"wp","href":"https:\/\/api.w.org\/{rel}","templated":true}]}}