{"id":2917,"date":"2025-02-09T12:58:24","date_gmt":"2025-02-09T12:58:24","guid":{"rendered":"https:\/\/sklep.titinka.pl\/?post_type=product&#038;p=2917"},"modified":"2025-02-09T12:58:24","modified_gmt":"2025-02-09T12:58:24","slug":"rocznica-swiecen-kaplanskich-dlon-z-rozancem","status":"publish","type":"product","link":"https:\/\/sklep.titinka.pl\/?product=rocznica-swiecen-kaplanskich-dlon-z-rozancem","title":{"rendered":"Rocznica \u015awi\u0119ce\u0144 Kap\u0142a\u0144skich &#8211; d\u0142o\u0144 z r\u00f3\u017ca\u0144cem"},"content":{"rendered":"","protected":false},"excerpt":{"rendered":"<p>Wyj\u0105tkowa, r\u0119cznie wykonana kartka z okazji Rocznicy \u015awi\u0119ce\u0144 Kap\u0142a\u0144skich. Kartka jest w be\u017cowo-niebiesko-srebrnej kolorystyce.<br \/>\nNa kartce znajdujecie drewniany element w kszta\u0142cie d\u0142oni zaciskaj\u0105cej r\u00f3\u017caniec.<br \/>\nKartka zosta\u0142a wykonana z dba\u0142o\u015bci\u0105 o najdrobniejsze szczeg\u00f3\u0142y, b\u0119dzie pi\u0119kn\u0105 pami\u0105tk\u0105 i opraw\u0105 dla Waszych \u017cycze\u0144.<br \/>\nDo jej wykonania zosta\u0142y u\u017cyte wysokiej jako\u015bci papiery, \u00a0papierowe kwiaty i sznureczek.<\/p>\n<p>Kartka jest sprzedawana w komplecie z dopasowan\u0105 kopert\u0105.<\/p>\n<p>Kartka nie zawiera \u017cycze\u0144.<\/p>\n<p>Rozmiar 10,5 x 21 cm<\/p>\n","protected":false},"featured_media":2896,"template":"","meta":[],"product_cat":[111],"product_tag":[153,155,157,156,154,158],"_links":{"self":[{"href":"https:\/\/sklep.titinka.pl\/index.php?rest_route=\/wp\/v2\/product\/2917"}],"collection":[{"href":"https:\/\/sklep.titinka.pl\/index.php?rest_route=\/wp\/v2\/product"}],"about":[{"href":"https:\/\/sklep.titinka.pl\/index.php?rest_route=\/wp\/v2\/types\/product"}],"wp:featuredmedia":[{"embeddable":true,"href":"https:\/\/sklep.titinka.pl\/index.php?rest_route=\/wp\/v2\/media\/2896"}],"wp:attachment":[{"href":"https:\/\/sklep.titinka.pl\/index.php?rest_route=%2Fwp%2Fv2%2Fmedia&parent=2917"}],"wp:term":[{"taxonomy":"product_cat","embeddable":true,"href":"https:\/\/sklep.titinka.pl\/index.php?rest_route=%2Fwp%2Fv2%2Fproduct_cat&post=2917"},{"taxonomy":"product_tag","embeddable":true,"href":"https:\/\/sklep.titinka.pl\/index.php?rest_route=%2Fwp%2Fv2%2Fproduct_tag&post=2917"}],"curies":[{"name":"wp","href":"https:\/\/api.w.org\/{rel}","templated":true}]}}