{"id":2770,"date":"2022-09-07T20:55:55","date_gmt":"2022-09-07T20:55:55","guid":{"rendered":"https:\/\/sklep.titinka.pl\/?post_type=product&#038;p=2770"},"modified":"2025-02-09T11:52:40","modified_gmt":"2025-02-09T11:52:40","slug":"morski-pop-up-box-na-slub-granatowy","status":"publish","type":"product","link":"https:\/\/sklep.titinka.pl\/?product=morski-pop-up-box-na-slub-granatowy","title":{"rendered":"Morski pop-up box na \u015blub &#8211; granatowy"},"content":{"rendered":"","protected":false},"excerpt":{"rendered":"<p>Wyj\u0105tkowa, r\u0119cznie wykonana kartka na \u015blub w morskim klimacie.<br \/>\nKartka ma format pop-up boxa &#8211; z\u0142o\u017cona mie\u015bci si\u0119 do koperty, a po roz\u0142o\u017ceniu pokazuje przestrzenn\u0105 kompozycj\u0119.<br \/>\nNa kartce znajduje si\u0119 motyw Pary M\u0142odej i dekoracje w morskim stylu.<br \/>\nKartka zosta\u0142a wykonana z dba\u0142o\u015bci\u0105 o najdrobniejsze szczeg\u00f3\u0142y, b\u0119dzie pi\u0119kn\u0105 pami\u0105tk\u0105 i opraw\u0105 dla Waszych \u017cycze\u0144.<br \/>\nDo jej wykonania zosta\u0142y u\u017cyte wysokiej jako\u015bci papiery.<br \/>\nKartka jest sprzedawana w komplecie z dopasowan\u0105 kopert\u0105.<\/p>\n<p>Kartka nie zawiera \u017cycze\u0144.<\/p>\n<p style=\"text-align: left;\">Rozmiar 14 x 14 cm<\/p>\n","protected":false},"featured_media":2774,"template":"","meta":[],"product_cat":[11,13],"product_tag":[20,122,121,125,123,164,166,165,124],"_links":{"self":[{"href":"https:\/\/sklep.titinka.pl\/index.php?rest_route=\/wp\/v2\/product\/2770"}],"collection":[{"href":"https:\/\/sklep.titinka.pl\/index.php?rest_route=\/wp\/v2\/product"}],"about":[{"href":"https:\/\/sklep.titinka.pl\/index.php?rest_route=\/wp\/v2\/types\/product"}],"wp:featuredmedia":[{"embeddable":true,"href":"https:\/\/sklep.titinka.pl\/index.php?rest_route=\/wp\/v2\/media\/2774"}],"wp:attachment":[{"href":"https:\/\/sklep.titinka.pl\/index.php?rest_route=%2Fwp%2Fv2%2Fmedia&parent=2770"}],"wp:term":[{"taxonomy":"product_cat","embeddable":true,"href":"https:\/\/sklep.titinka.pl\/index.php?rest_route=%2Fwp%2Fv2%2Fproduct_cat&post=2770"},{"taxonomy":"product_tag","embeddable":true,"href":"https:\/\/sklep.titinka.pl\/index.php?rest_route=%2Fwp%2Fv2%2Fproduct_tag&post=2770"}],"curies":[{"name":"wp","href":"https:\/\/api.w.org\/{rel}","templated":true}]}}