{"id":2392,"date":"2024-03-23T20:18:49","date_gmt":"2024-03-23T20:18:49","guid":{"rendered":"https:\/\/sklep.titinka.pl\/?post_type=product&#038;p=2392"},"modified":"2025-02-09T11:46:38","modified_gmt":"2025-02-09T11:46:38","slug":"rozowa-kartka-slubna-z-ruchowym-serduszkiem","status":"publish","type":"product","link":"https:\/\/sklep.titinka.pl\/?product=rozowa-kartka-slubna-z-ruchowym-serduszkiem","title":{"rendered":"R\u00f3\u017cowa kartka \u015blubna z ruchomym serduszkiem"},"content":{"rendered":"","protected":false},"excerpt":{"rendered":"<p>R\u0119cznie wykonana kartka na \u015alub, r\u00f3\u017cowej kolorystyce.<br \/>\nKartka zosta\u0142a wykonana z dba\u0142o\u015bci\u0105 o najdrobniejsze szczeg\u00f3\u0142y, b\u0119dzie pi\u0119kn\u0105 pami\u0105tk\u0105 i opraw\u0105 dla Waszych \u017cycze\u0144. Do jej wykonania zosta\u0142y u\u017cyte wysokiej jako\u015bci papiery, elementy drewniane, sznurek i pere\u0142ki.<\/p>\n<p>Kartka otwiera si\u0119 w nietypowy spos\u00f3b, a serce obraca si\u0119 podczas otwierania.<\/p>\n<p>Kartka jest sprzedawana w komplecie z kopert\u0105.<\/p>\n<p>Kartka nie zawiera \u017cycze\u0144.<\/p>\n<p style=\"text-align: left;\">Rozmiar 13 x 13 cm<\/p>\n","protected":false},"featured_media":2393,"template":"","meta":[],"product_cat":[11,13],"product_tag":[20,122,121,125,123,124],"_links":{"self":[{"href":"https:\/\/sklep.titinka.pl\/index.php?rest_route=\/wp\/v2\/product\/2392"}],"collection":[{"href":"https:\/\/sklep.titinka.pl\/index.php?rest_route=\/wp\/v2\/product"}],"about":[{"href":"https:\/\/sklep.titinka.pl\/index.php?rest_route=\/wp\/v2\/types\/product"}],"wp:featuredmedia":[{"embeddable":true,"href":"https:\/\/sklep.titinka.pl\/index.php?rest_route=\/wp\/v2\/media\/2393"}],"wp:attachment":[{"href":"https:\/\/sklep.titinka.pl\/index.php?rest_route=%2Fwp%2Fv2%2Fmedia&parent=2392"}],"wp:term":[{"taxonomy":"product_cat","embeddable":true,"href":"https:\/\/sklep.titinka.pl\/index.php?rest_route=%2Fwp%2Fv2%2Fproduct_cat&post=2392"},{"taxonomy":"product_tag","embeddable":true,"href":"https:\/\/sklep.titinka.pl\/index.php?rest_route=%2Fwp%2Fv2%2Fproduct_tag&post=2392"}],"curies":[{"name":"wp","href":"https:\/\/api.w.org\/{rel}","templated":true}]}}