{"id":211,"date":"2025-02-09T12:23:34","date_gmt":"2025-02-09T12:23:34","guid":{"rendered":"http:\/\/sklep.titinka.pl\/?product=kartka-na-chrzest-wozeczek-ciemno-rozowa-3"},"modified":"2025-02-09T12:23:40","modified_gmt":"2025-02-09T12:23:40","slug":"kartka-na-chrzest-wozeczek-ciemno-rozowa-3","status":"publish","type":"product","link":"https:\/\/sklep.titinka.pl\/?product=kartka-na-chrzest-wozeczek-ciemno-rozowa-3","title":{"rendered":"Kartka na chrzest &#8222;w\u00f3zeczek&#8221; &#8211; ciemno r\u00f3\u017cowa"},"content":{"rendered":"","protected":false},"excerpt":{"rendered":"<p>R\u0119cznie wykonana kartka na chrzest.<br \/>\nKartka wykonana z wysokiej jako\u015bci materia\u0142\u00f3w.<br \/>\nNie zawiera \u017cycze\u0144.<br \/>\nKartka jest sprzedawana w komplecie z bia\u0142\u0105 kopert\u0105.<\/p>\n<p>Rozmiar A6 &#8211; 10,5 x 15 cm<\/p>\n","protected":false},"featured_media":207,"template":"","meta":[],"product_cat":[29,11],"product_tag":[],"_links":{"self":[{"href":"https:\/\/sklep.titinka.pl\/index.php?rest_route=\/wp\/v2\/product\/211"}],"collection":[{"href":"https:\/\/sklep.titinka.pl\/index.php?rest_route=\/wp\/v2\/product"}],"about":[{"href":"https:\/\/sklep.titinka.pl\/index.php?rest_route=\/wp\/v2\/types\/product"}],"wp:featuredmedia":[{"embeddable":true,"href":"https:\/\/sklep.titinka.pl\/index.php?rest_route=\/wp\/v2\/media\/207"}],"wp:attachment":[{"href":"https:\/\/sklep.titinka.pl\/index.php?rest_route=%2Fwp%2Fv2%2Fmedia&parent=211"}],"wp:term":[{"taxonomy":"product_cat","embeddable":true,"href":"https:\/\/sklep.titinka.pl\/index.php?rest_route=%2Fwp%2Fv2%2Fproduct_cat&post=211"},{"taxonomy":"product_tag","embeddable":true,"href":"https:\/\/sklep.titinka.pl\/index.php?rest_route=%2Fwp%2Fv2%2Fproduct_tag&post=211"}],"curies":[{"name":"wp","href":"https:\/\/api.w.org\/{rel}","templated":true}]}}