{"id":1974,"date":"2025-02-09T11:41:47","date_gmt":"2025-02-09T11:41:47","guid":{"rendered":"https:\/\/sklep.titinka.pl\/?post_type=product&#038;p=1974"},"modified":"2025-12-23T16:07:16","modified_gmt":"2025-12-23T16:07:16","slug":"jesienna-kartka-slubna","status":"publish","type":"product","link":"https:\/\/sklep.titinka.pl\/?product=jesienna-kartka-slubna","title":{"rendered":"Jesienna kartka \u015blubna"},"content":{"rendered":"","protected":false},"excerpt":{"rendered":"<p>Elegancka i romantyczna \u00a0kartka \u015blubna w jesiennej kolorystyce.<br \/>\nZosta\u0142a wykonana z wysokiej jaki\u015bci materia\u0142\u00f3w\u00a0z dba\u0142o\u015bci\u0105 o najdrobniejsze szczeg\u00f3\u0142y.<br \/>\nZawiera elementy przestrzenne.<br \/>\n\u015awietnie sprawdzi si\u0119 jako prezent \u015blubny.<\/p>\n<p>Jest sprzedawana w komplecie z kopert\u0105.<\/p>\n<p>Rozmiar 13 x 13 \u00a0cm<\/p>\n","protected":false},"featured_media":1976,"template":"","meta":[],"product_cat":[11,13],"product_tag":[],"_links":{"self":[{"href":"https:\/\/sklep.titinka.pl\/index.php?rest_route=\/wp\/v2\/product\/1974"}],"collection":[{"href":"https:\/\/sklep.titinka.pl\/index.php?rest_route=\/wp\/v2\/product"}],"about":[{"href":"https:\/\/sklep.titinka.pl\/index.php?rest_route=\/wp\/v2\/types\/product"}],"wp:featuredmedia":[{"embeddable":true,"href":"https:\/\/sklep.titinka.pl\/index.php?rest_route=\/wp\/v2\/media\/1976"}],"wp:attachment":[{"href":"https:\/\/sklep.titinka.pl\/index.php?rest_route=%2Fwp%2Fv2%2Fmedia&parent=1974"}],"wp:term":[{"taxonomy":"product_cat","embeddable":true,"href":"https:\/\/sklep.titinka.pl\/index.php?rest_route=%2Fwp%2Fv2%2Fproduct_cat&post=1974"},{"taxonomy":"product_tag","embeddable":true,"href":"https:\/\/sklep.titinka.pl\/index.php?rest_route=%2Fwp%2Fv2%2Fproduct_tag&post=1974"}],"curies":[{"name":"wp","href":"https:\/\/api.w.org\/{rel}","templated":true}]}}