{"id":1924,"date":"2025-02-09T11:41:47","date_gmt":"2025-02-09T11:41:47","guid":{"rendered":"https:\/\/sklep.titinka.pl\/?post_type=product&#038;p=1924"},"modified":"2025-02-09T11:41:47","modified_gmt":"2025-02-09T11:41:47","slug":"kartka-slubna-w-kolorze-niebieskim","status":"publish","type":"product","link":"https:\/\/sklep.titinka.pl\/?product=kartka-slubna-w-kolorze-niebieskim","title":{"rendered":"Kartka \u015blubna w kolorze niebieskim"},"content":{"rendered":"","protected":false},"excerpt":{"rendered":"<p>Elegancka i romantyczna \u00a0kartka \u015blubna w kolorze niebieskim.<br \/>\nZosta\u0142a wykonana z wysokiej jaki\u015bci materia\u0142\u00f3w\u00a0z dba\u0142o\u015bci\u0105 o najdrobniejsze szczeg\u00f3\u0142y.<br \/>\nZawiera elementy przestrzenne.<br \/>\n\u015awietnie sprawdzi si\u0119 jako prezent \u015blubny.<\/p>\n<p>Jest sprzedawana w komplecie z kopert\u0105.<\/p>\n<p>Rozmiar 13 x 13 \u00a0cm<\/p>\n","protected":false},"featured_media":1925,"template":"","meta":[],"product_cat":[11,13],"product_tag":[],"_links":{"self":[{"href":"https:\/\/sklep.titinka.pl\/index.php?rest_route=\/wp\/v2\/product\/1924"}],"collection":[{"href":"https:\/\/sklep.titinka.pl\/index.php?rest_route=\/wp\/v2\/product"}],"about":[{"href":"https:\/\/sklep.titinka.pl\/index.php?rest_route=\/wp\/v2\/types\/product"}],"wp:featuredmedia":[{"embeddable":true,"href":"https:\/\/sklep.titinka.pl\/index.php?rest_route=\/wp\/v2\/media\/1925"}],"wp:attachment":[{"href":"https:\/\/sklep.titinka.pl\/index.php?rest_route=%2Fwp%2Fv2%2Fmedia&parent=1924"}],"wp:term":[{"taxonomy":"product_cat","embeddable":true,"href":"https:\/\/sklep.titinka.pl\/index.php?rest_route=%2Fwp%2Fv2%2Fproduct_cat&post=1924"},{"taxonomy":"product_tag","embeddable":true,"href":"https:\/\/sklep.titinka.pl\/index.php?rest_route=%2Fwp%2Fv2%2Fproduct_tag&post=1924"}],"curies":[{"name":"wp","href":"https:\/\/api.w.org\/{rel}","templated":true}]}}