{"id":180,"date":"2025-02-09T11:00:04","date_gmt":"2025-02-09T11:00:04","guid":{"rendered":"http:\/\/sklep.titinka.pl\/?product=kartka-na-pierwsza-komunie-swieta-rozeta"},"modified":"2025-02-09T11:00:05","modified_gmt":"2025-02-09T11:00:05","slug":"kartka-na-pierwsza-komunie-swieta-rozeta","status":"publish","type":"product","link":"https:\/\/sklep.titinka.pl\/?product=kartka-na-pierwsza-komunie-swieta-rozeta","title":{"rendered":"Kartka na Pierwsz\u0105 Komuni\u0119 \u015awi\u0119t\u0105 &#8211; &#8222;Rozeta&#8221;"},"content":{"rendered":"","protected":false},"excerpt":{"rendered":"<p>R\u0119cznie wykonana kartka na Pierwsz\u0105 Komuni\u0119 \u015awi\u0119t\u0105.<br \/>\nKartka wykonana z wysokiej jako\u015bci materia\u0142\u00f3w.<br \/>\nNie zawiera \u017cycze\u0144.<br \/>\nKartka jest sprzedawana w komplecie z bia\u0142\u0105 kopert\u0105.<\/p>\n<p>Rozmiar A6 &#8211; 10,5 x 15 cm<\/p>\n","protected":false},"featured_media":181,"template":"","meta":[],"product_cat":[11,58],"product_tag":[],"_links":{"self":[{"href":"https:\/\/sklep.titinka.pl\/index.php?rest_route=\/wp\/v2\/product\/180"}],"collection":[{"href":"https:\/\/sklep.titinka.pl\/index.php?rest_route=\/wp\/v2\/product"}],"about":[{"href":"https:\/\/sklep.titinka.pl\/index.php?rest_route=\/wp\/v2\/types\/product"}],"wp:featuredmedia":[{"embeddable":true,"href":"https:\/\/sklep.titinka.pl\/index.php?rest_route=\/wp\/v2\/media\/181"}],"wp:attachment":[{"href":"https:\/\/sklep.titinka.pl\/index.php?rest_route=%2Fwp%2Fv2%2Fmedia&parent=180"}],"wp:term":[{"taxonomy":"product_cat","embeddable":true,"href":"https:\/\/sklep.titinka.pl\/index.php?rest_route=%2Fwp%2Fv2%2Fproduct_cat&post=180"},{"taxonomy":"product_tag","embeddable":true,"href":"https:\/\/sklep.titinka.pl\/index.php?rest_route=%2Fwp%2Fv2%2Fproduct_tag&post=180"}],"curies":[{"name":"wp","href":"https:\/\/api.w.org\/{rel}","templated":true}]}}