{"id":1446,"date":"2025-02-09T10:28:13","date_gmt":"2025-02-09T10:28:13","guid":{"rendered":"https:\/\/sklep.titinka.pl\/?post_type=product&#038;p=1446"},"modified":"2025-02-09T10:28:13","modified_gmt":"2025-02-09T10:28:13","slug":"fuksjowy-sen-kolczyki-z-chwostem","status":"publish","type":"product","link":"https:\/\/sklep.titinka.pl\/?product=fuksjowy-sen-kolczyki-z-chwostem","title":{"rendered":"&#8222;Fuksjowy sen&#8221; &#8211; kolczyki z chwostem"},"content":{"rendered":"","protected":false},"excerpt":{"rendered":"<p>Stylowe kolczyki z chwostem wykonana r\u0119cznie, metod\u0105 soutache\u00a0z wykorzystaniem kaboszonu i drobnych szklanych koralik\u00f3w toho.<\/p>\n<p>S\u0105 w kolorze r\u00f3\u017cowym.<\/p>\n<p>Zawieszone na srebrnym zapinanym biglu.<\/p>\n<p>D\u0142ugo\u015b\u0107 z biglem 11,5 cm.<\/p>\n<p>&nbsp;<\/p>\n","protected":false},"featured_media":1447,"template":"","meta":[],"product_cat":[7,9],"product_tag":[76,75,74,71,73,72],"_links":{"self":[{"href":"https:\/\/sklep.titinka.pl\/index.php?rest_route=\/wp\/v2\/product\/1446"}],"collection":[{"href":"https:\/\/sklep.titinka.pl\/index.php?rest_route=\/wp\/v2\/product"}],"about":[{"href":"https:\/\/sklep.titinka.pl\/index.php?rest_route=\/wp\/v2\/types\/product"}],"wp:featuredmedia":[{"embeddable":true,"href":"https:\/\/sklep.titinka.pl\/index.php?rest_route=\/wp\/v2\/media\/1447"}],"wp:attachment":[{"href":"https:\/\/sklep.titinka.pl\/index.php?rest_route=%2Fwp%2Fv2%2Fmedia&parent=1446"}],"wp:term":[{"taxonomy":"product_cat","embeddable":true,"href":"https:\/\/sklep.titinka.pl\/index.php?rest_route=%2Fwp%2Fv2%2Fproduct_cat&post=1446"},{"taxonomy":"product_tag","embeddable":true,"href":"https:\/\/sklep.titinka.pl\/index.php?rest_route=%2Fwp%2Fv2%2Fproduct_tag&post=1446"}],"curies":[{"name":"wp","href":"https:\/\/api.w.org\/{rel}","templated":true}]}}