{"id":406,"date":"2017-09-08T15:58:17","date_gmt":"2017-09-08T15:58:17","guid":{"rendered":"http:\/\/sklep.titinka.pl\/?page_id=406"},"modified":"2021-03-28T22:16:13","modified_gmt":"2021-03-28T22:16:13","slug":"kontakt","status":"publish","type":"page","link":"https:\/\/sklep.titinka.pl\/?page_id=406","title":{"rendered":"Kontakt"},"content":{"rendered":"<p>Wykonuj\u0119 na zam\u00f3wienie kartki okoliczno\u015bciowe, zaproszenia, albumy, bi\u017cuteri\u0119 i dekoracje dostosowane do Pa\u0144stwa potrzeb i wymaga\u0144.<\/p>\n<p>Prowadz\u0119 warsztaty dla dzieci m\u0142odzie\u017cy i doros\u0142ych.<\/p>\n<p>Ch\u0119tnie nawi\u0105\u017c\u0119 wsp\u00f3\u0142prac\u0119 ze sklepami i galeriami.<\/p>\n<p>kontakt@ti-tinka.pl<\/p>\n","protected":false},"excerpt":{"rendered":"<p>Wykonuj\u0119 na zam\u00f3wienie kartki okoliczno\u015bciowe, zaproszenia, albumy, bi\u017cuteri\u0119 i dekoracje dostosowane do Pa\u0144stwa potrzeb i wymaga\u0144. Prowadz\u0119 warsztaty dla dzieci m\u0142odzie\u017cy i doros\u0142ych. Ch\u0119tnie nawi\u0105\u017c\u0119 wsp\u00f3\u0142prac\u0119 ze sklepami i galeriami. kontakt@ti-tinka.pl<\/p>\n","protected":false},"author":1,"featured_media":0,"parent":0,"menu_order":0,"comment_status":"closed","ping_status":"closed","template":"","meta":{"footnotes":""},"_links":{"self":[{"href":"https:\/\/sklep.titinka.pl\/index.php?rest_route=\/wp\/v2\/pages\/406"}],"collection":[{"href":"https:\/\/sklep.titinka.pl\/index.php?rest_route=\/wp\/v2\/pages"}],"about":[{"href":"https:\/\/sklep.titinka.pl\/index.php?rest_route=\/wp\/v2\/types\/page"}],"author":[{"embeddable":true,"href":"https:\/\/sklep.titinka.pl\/index.php?rest_route=\/wp\/v2\/users\/1"}],"replies":[{"embeddable":true,"href":"https:\/\/sklep.titinka.pl\/index.php?rest_route=%2Fwp%2Fv2%2Fcomments&post=406"}],"version-history":[{"count":3,"href":"https:\/\/sklep.titinka.pl\/index.php?rest_route=\/wp\/v2\/pages\/406\/revisions"}],"predecessor-version":[{"id":2377,"href":"https:\/\/sklep.titinka.pl\/index.php?rest_route=\/wp\/v2\/pages\/406\/revisions\/2377"}],"wp:attachment":[{"href":"https:\/\/sklep.titinka.pl\/index.php?rest_route=%2Fwp%2Fv2%2Fmedia&parent=406"}],"curies":[{"name":"wp","href":"https:\/\/api.w.org\/{rel}","templated":true}]}}